e highest common factor of h and s?
10
Suppose -5*w - 1740 - 2125 = 0. Let q = 1134 + w. What is the greatest common factor of 19 and q?
19
Let z = 78 - 37. Let b be (5 + 0)/(-5) + 1*z. Suppose 5*v = w + 62, 2*v - 2*w - b = -v. What is the highest common divisor of 30 and v?
6
Suppose 247*j - 119*j - 1512 = 122*j. Calculate the greatest common divisor of j and 2352.
84
Suppose -4*k - 5*u = -5632, -2816 = -2*k - 253*u + 255*u. What is the highest common divisor of k and 256?
128
Suppose -12*u - u = 1027. Let a = u + 135. Let t be -10*((-11)/(-5) - 3). Calculate the highest common divisor of t and a.
8
Let c = -58820 - -58946. Let i = 5 + -2. Suppose -57 = -3*u - i*x, -2*u + 53 = x + 4*x. What is the greatest common factor of u and c?
14
Suppose 2*t = 6, 2*t = -3*s + 8*s - 1369. Calculate the highest common factor of 100 and s.
25
Suppose -7*p + 5*p + 1194 = 4*r, 4*r + 5*p = 1197. Let h = r + -202. Calculate the greatest common factor of h and 48.
48
Suppose 0 = 5*c - 554 - 381. Suppose -27*v + 23*v + 152 = 0. Suppose x - v - 15 = -3*t, -t = 4*x - 25. What is the greatest common divisor of c and t?
17
Let h be (-171)/(-24) + 20/(-160) - -4843. What is the greatest common divisor of h and 582?
194
Let h = -12386 - -13346. What is the highest common factor of h and 400?
80
Suppose -259 + 2274 = 5*l. Calculate the highest common factor of 65 and l.
13
Let p(w) = 3*w**2 + 1. Let d be p(1). Let a be 22/((2 + -4)*-1). Suppose q = 2*x - 5*x + 53, 0 = x - q - a. Calculate the greatest common divisor of d and x.
4
Let d be (-108)/(-15) + 3/(-15). Suppose d*m - 3*m = 8. Suppose -m*i + 50 = 10. What is the greatest common divisor of i and 60?
20
Let s be (-88)/4 - 16/4. Let x be (-8 + (1 - s))*(-54)/(-2). Calculate the highest common divisor of 27 and x.
27
Let g(s) = -113*s - 4490. Let j be g(-40). Calculate the highest common factor of j and 21.
3
Suppose 3*t + 5*q - 419 - 2416 = 0, 4*q - 9*q = 0. What is the highest common divisor of t and 840?
105
Suppose -3892 - 8667 = -54*r - 247. Let o be (120/(-25))/(1/(-20)). What is the highest common divisor of o and r?
12
Let j(m) = 22*m**2 - 20*m + 7. Let a be j(7). Suppose -106*k - a = -115*k. Calculate the highest common factor of k and 280.
35
Let i(m) = -4*m + 91. Suppose -8*p = 43 + 45. Let g be i(p). Calculate the highest common divisor of 225 and g.
45
Let w be 159/15 + 2/5. Let j = 446 - 41. Suppose 23*d = j + 607. What is the greatest common factor of w and d?
11
Let f(z) = 5*z + 19 - 14 - 2*z. Let m be f(0). Suppose -a + 4*h - 16 = 0, a + m*h - 9 = 5*a. Calculate the highest common factor of a and 4.
4
Let u = -867 - -302. Let r = -538 - u. Calculate the greatest common factor of 261 and r.
9
Let i(w) = -39 + 4*w + w + 7*w - 6*w. Let r be i(14). What is the greatest common factor of 10 and r?
5
Suppose -65*t - 2*k - 5832 = -69*t, 5*t - 4*k - 7290 = 0. What is the highest common factor of t and 6?
6
Let l = 21989 - 21969. Calculate the highest common divisor of 1724 and l.
4
Let k = -105 + 265. Let n = -2204 + 2209. What is the greatest common factor of k and n?
5
Let d(g) = 25*g**2 - g. Let m be d(1). Suppose 6 = 7*a - 22. Suppose q + 3*s = 22, -a*q + s + 58 = -2*s. What is the highest common factor of q and m?
8
Suppose 3*t - 1087 = -3253. Let a = t + 736. What is the greatest common factor of 574 and a?
14
Suppose 0 = -i + 420 + 308. Suppose a = -6*a + i. Calculate the greatest common factor of a and 13.
13
Let s be 1/(-11) - (-2786)/154 - -2. Suppose 5 = j - 5. What is the highest common divisor of j and s?
10
Let g(k) = 13*k + 999. Let r be g(-68). Calculate the highest common factor of 644 and r.
23
Suppose 3*k + 0*k - 3 = 0. Suppose -12*c = -4*j - 8*c + 156, j + 5*c = 51. What is the greatest common factor of j and k?
1
Let d = -29 + 35. Suppose 4 + d = 3*w + 4*c, 0 = 5*w - 5*c - 5. Suppose -4*f = -2*b + 32, -5*f + w = -b + 3. Calculate the highest common divisor of 78 and b.
26
Let n(h) = h**3 - 10*h**2 + 39*h - 41. Let g be n(7). What is the greatest common divisor of 1088 and g?
17
Let w(t) = -t + 29. Let z = -86 - -91. Let y be w(z). What is the greatest common factor of 384 and y?
24
Suppose 21*m - 30*m + 10*m = 2964. What is the highest common factor of m and 156?
156
Suppose 3*l - 399 = -3*o, 3*l - 37 = -2*o + 358. Let y be ((-8)/12*(-12 + (-104)/(-8)))/((-8)/516). Calculate the highest common divisor of y and l.
43
Let h(x) = 3*x**2 - 106*x - 108. Let j be h(-9). Calculate the greatest common divisor of j and 369.
9
Let h(y) = 465*y + 3378. Let r be h(6). What is the greatest common divisor of r and 24?
24
Let r be (-66576)/(-104) + (12/(-26))/3. Let s be (-2 - 56/(-20))/(4/r). What is the greatest common factor of 96 and s?
32
Suppose 0 = j + j + 52. Let t = 30 + j. Suppose -5*k - 5*d + 17 = -d, k + t*d = 13. What is the highest common factor of 9 and k?
1
Let k be -7 - ((-2)/(-25) - 53956/700). What is the highest common divisor of 315 and k?
35
Let g(a) = -a**2 - 8*a - 13. Let i be g(-5). Suppose i*s + 2*x = 402, 11*s = 13*s - 4*x - 384. Let p = 60 + -42. What is the greatest common factor of p and s?
18
Let y be 4/(-14) + 1034/(-7). Let c = y - -169. Calculate the greatest common factor of c and 84.
21
Suppose -33 + 58 = m + 3*t, -5*m + 73 = 2*t. Let y(q) = q**3 - q**2 + 4*q - 10. Let g be y(7). What is the highest common divisor of m and g?
13
Let m be (-53 + 1)*-2 + 0. Let d be 1992/m - (-2)/(-13). Calculate the greatest common factor of 133 and d.
19
Suppose 2599 = 29*w - 6*w. Suppose 0 = 2*o + 13*t - 12*t - w, 4*o - 208 = 4*t. What is the highest common factor of 440 and o?
55
Let z = 2175 - 1881. What is the highest common factor of 1225 and z?
49
Suppose 0 = -l + 2, 5*i - 141*l + 139*l - 226 = 0. Let w = i - -8. What is the highest common divisor of 30 and w?
6
Let h be -2 - -2 - 196/2. Suppose -u - 16 = -3*g, 5*g - 98 + 34 = 3*u. Let d be h/u*(-40)/(-7). Calculate the highest common divisor of 160 and d.
20
Suppose 13*f + 226 - 1469 - 369 = 0. What is the greatest common factor of f and 7750?
62
Suppose 4*u + f = 6607, -6*u - f + 4955 = -3*u. Let g = u + -1068. What is the greatest common factor of g and 73?
73
Let t = 18697 - 15517. What is the greatest common factor of t and 960?
60
Suppose -7*y + 6*y = -4. Let x(w) = 3*w**3 - 18*w**2 + 73*w - 364. Let s be x(6). What is the highest common factor of s and y?
2
Let n be 5 - 0/((19/(-38))/((-3)/(-6))). Calculate the greatest common factor of n and 5230.
5
Let g = 89 + -31. Let u be (36 - 4472/129)/(1 - (-1214)/(-1218)). Calculate the greatest common factor of g and u.
58
Suppose b - 11 - 5 = 0. Let r = 233 + -228. Suppose -605 + 45 = -r*j. What is the greatest common factor of b and j?
16
Let z be 6/(10/6 - 1). Let t be (-1)/((3/(-2))/((-225)/(-150))). What is the greatest common divisor of z and t?
1
Let j be ((-478)/6 - 4)/((-6)/126). Calculate the highest common divisor of j and 14.
7
Let t(o) = -2*o**2 - 33*o + 43. Let v(u) = -u**2 - 16*u + 21. Let w(s) = 2*t(s) - 5*v(s). Let f be w(-17). Calculate the highest common factor of f and 112.
16
Suppose 14*s - 11*s - 51 = 0. Suppose 0 = 37*b - 32*b - 1955. Calculate the greatest common factor of s and b.
17
Suppose -2*m = 2*h - 172 - 928, m = 4*h - 2210. Let b = -314 + h. Calculate the highest common divisor of b and 7.
7
Let x = -3746 + 5683. Calculate the highest common divisor of 13 and x.
13
Let p = 8244 + -3444. Calculate the highest common factor of p and 1500.
300
Suppose 0 = -4*x + 4*s + 120, -x + 38 = -13*s + 10*s. What is the greatest common factor of x and 832?
26
Let i(y) = -5*y + 4. Let u be i(-2). Let w be (-42 - 0/1)/(3/(-2)). What is the highest common factor of w and u?
14
Let a(p) = -224*p**3 - p**2 + 1. Let q be a(-1). Let s = 340 - 326. What is the highest common factor of s and q?
14
Let k = 52 - 46. Suppose 6*l - k = 4*l. Calculate the greatest common divisor of 87 and l.
3
Suppose -106*d + 17*d - 96*d + 112480 = 0. Calculate the highest common divisor of 114 and d.
38
Let p = 294 + -63. Suppose p = -22*d + 627. What is the highest common divisor of 45 and d?
9
Let p(h) = 43*h + 319. Let q be p(-5). What is the highest common divisor of q and 96?
8
Suppose 3*g - 198 + 62 = -5*i, g = 2. What is the greatest common divisor of i and 28522?
26
Let n(y) =